a + d*a + 3*r, 2*a = r. What is the remainder when (-15)/5 + a + 80 is divided by 16?
15
Let a = 11 - 11. Suppose -z - 2*t + 61 = a, 5*z - 335 = -0*t + 5*t. Let l = -453 - -464. Calculate the remainder when z is divided by l.
10
Let z(h) = -h**2 - 10*h - 12. Let a be z(-9). Let i be (a - 22)*(-26)/(-5). Let m = i + 198. Calculate the remainder when m is divided by 35.
33
Suppose -63 - 705 = -4*w. Suppose 2*x - 5*k - w = -2*k, -5*x = 2*k - 461. Calculate the remainder when x is divided by 19.
17
Let y(v) = -v**2 - 48*v - 70. What is the remainder when y(-43) is divided by 85?
60
Suppose 2*j + 2*f - 6 = 0, f + 3 = 2*j + 6. Suppose t - 19 = 4*r, j = t + 3*r + 8 + 1. Calculate the remainder when t*(12/9 + 0) is divided by 3.
1
Let f = 66 + -84. Let z be 4/f + 1*(-6178)/(-18). Suppose 2*x - z = -2*i + 5*x, -5*i = -4*x - 861. What is the remainder when i is divided by 35?
33
Suppose 21*s - 1126 - 1205 = 0. Suppose 240*v - 232*v - 112 = 0. Calculate the remainder when s is divided by v.
13
Let s(d) = -d**3 + 9*d**2 + 10*d + 2. Let o be s(10). Let z(m) = 47*m - 53. Calculate the remainder when 161 is divided by z(o).
38
Suppose 0 = 3*s - 2*o - 122, 39 + 30 = s + 5*o. What is the remainder when 1800 is divided by s?
40
Suppose 3*w - 11 = 10. Let g = -2559 + 2626. What is the remainder when g is divided by w?
4
Suppose -8646 = 368*h - 379*h. Let j = h - 382. Calculate the remainder when j is divided by 45.
44
Suppose -226 = 4*v - 202. Suppose 3*r + 0*l + 66 = 3*l, 5*l = -3*r - 50. What is the remainder when 56 is divided by (-68)/v - r/30?
8
Let o = 52318 - 52168. Suppose 3*s + 312 = 4*w - s, -4*w + 5*s = -313. What is the remainder when o is divided by w?
73
Let z(q) = q**2 - 23*q + 44. Calculate the remainder when 363 is divided by z(22).
11
Suppose -4*n + 2794 - 634 = 0. Let k = 594 - n. Calculate the remainder when k is divided by 22.
10
Suppose 3*n = 2*m - 119, -39 + 266 = 4*m + 5*n. Suppose -424 = m*d - 54*d. Calculate the remainder when 67 is divided by 4/(-3) - 3/(9/d).
33
Calculate the remainder when (-3 - 75/30)*348/(-11) is divided by 46.
36
Let h be (-12)/(-10)*(-280)/12. Let f = -27 - h. Let r = -117 - -119. What is the remainder when r is divided by f?
0
Let l = 15327 + -9631. Calculate the remainder when l is divided by 37.
35
Let u(m) = 12*m + 332. Calculate the remainder when u(-21) is divided by (8/18)/(-2) + 1370/90.
5
Suppose 3666 + 1464 = 54*p. What is the remainder when 377 is divided by p?
92
Let j = 54 - 49. What is the remainder when 28 is divided by (-3 - 2)/j - -19?
10
Suppose -v - 22*z = -25*z + 12, 2*z - 16 = -2*v. Let f(u) = 201*u + 30. What is the remainder when f(v) is divided by 91?
87
Let o = -70 + 75. What is the remainder when 71 is divided by (328/20)/2 - 1/o?
7
Let f(d) = -d**3 + 8*d**2 - 4*d + 51. What is the remainder when 130 is divided by f(8)?
16
Suppose 350*m - 2286005 = 1906235 - 774490. What is the remainder when m is divided by 11?
8
Let j(w) be the first derivative of 7*w**3/3 - 27*w**2 - 10*w + 20. What is the remainder when j(9) is divided by 37?
34
Suppose -232*l + 439074 = 393*l - 202*l. Calculate the remainder when l is divided by 171.
12
Suppose 2*x = -3*i + 2 - 3, -4*i - 8 = -4*x. What is the remainder when 202 is divided by x + 21 - (7 + -2)?
15
Let l be (-5 + 41)*2/4. Suppose -2*g + l = g. What is the remainder when 22 is divided by 8/(g/3) + 1?
2
Suppose 2*h - 133 = -5*h. What is the remainder when 124 is divided by h?
10
Suppose -56*n = -23*n - 132. Suppose -3*p - i + 14 = -4, -2*p = -n*i - 12. Calculate the remainder when 8 is divided by p.
2
Suppose -3*y = -20*y + 884. Suppose -26*p + 17 + 685 = 0. What is the remainder when y is divided by p?
25
Suppose -4*a - 3*g = -191, -5*a - 135*g = -132*g - 229. Let c(d) = 227*d + 1 - 1. Calculate the remainder when c(1) is divided by a.
37
Let v(s) = -s**3 + 13*s**2 - 9*s - 23. Let h be v(12). Suppose 0 = h*n + 41 + 37. Calculate the remainder when (-7 - n)*-67*1 is divided by 17.
16
Let v be (-2)/(-6) + ((-5312)/(-3))/16. Suppose 2*k = -t + 4*t - 169, -2*t + 3*k = -v. Calculate the remainder when t is divided by 4.
1
Suppose 4052 = 5*c + 4*i + 1068, 5*c = 4*i + 2936. Calculate the remainder when c is divided by 11.
9
What is the remainder when (-20 - 2) + (-12800)/(-20) is divided by 223?
172
Let m(w) = 10*w**2 + 98*w + 8. Let n be m(-10). Suppose -20*p = -18*p - n. Calculate the remainder when 40 is divided by p.
12
Let s(n) = -15*n**3 + 5*n**2 + 5*n - 28. Let u be s(3). Let f = 418 + u. Calculate the remainder when f is divided by 16.
13
Calculate the remainder when 4524/234*(-6)/(-4) is divided by (12/(-9))/((-2)/6).
1
Let g = -41 - -45. Let c(x) = 4*x + 3 - 2*x + 15 - g*x. Calculate the remainder when 66 is divided by c(-8).
32
Let l(s) = -202*s + 1338. Calculate the remainder when l(3) is divided by 119.
18
Suppose -5*o - i + 17 = 0, 14 = -3*o - 4*i + 31. Suppose -o*a = 2*p - 16, 2*p - 3*a + 32 = 6*p. Calculate the remainder when 57 is divided by p.
1
Suppose -5*v + 130 = 5*h - 20, -5*h = 3*v - 144. Let y = 433 - 210. Suppose 0 = 13*o - y + 15. What is the remainder when h is divided by o?
11
Suppose -2*o - 255 + 75 = -j, j - 5*o = 198. Calculate the remainder when j is divided by 11.
3
Suppose -18*j + 19*j = 48. Suppose 16 = -v - 4. Let s = j + v. Calculate the remainder when 52 is divided by s.
24
Let w = 21 + -21. Calculate the remainder when 195 is divided by (8*-3)/(-8) + w + 30.
30
Suppose c - 13 = -2*m, -4*m = 5*c - 47 + 6. Suppose 7*w = c*a + 5*w - 338, -w = -4*a + 271. Calculate the remainder when a is divided by 25.
18
Suppose 2*g + 3*s - 15 = -0*s, 4*s - 3 = 3*g. Suppose 17 = -31*o + 854. Calculate the remainder when o is divided by g.
0
Suppose 0 = -3*n - 2*z + 91, 7*n + 2*z = 2*n + 153. Suppose -8*u = -158 - 42. What is the remainder when n is divided by u?
6
Suppose 43*h + 7*h - 764 = -164. Calculate the remainder when (3 + (-338)/4)*-2 is divided by h.
7
Let d = 255 + -149. Let k = d + -101. Suppose -5*n + 5*l = -95, 0 = k*n - 4*l - 51 - 47. What is the remainder when 43 is divided by n?
21
Let a(m) = 3*m**2 - 83*m - 6. Let o be a(28). Suppose 18*t = o*t - 1660. What is the remainder when t is divided by 8?
7
Suppose 3*m + 4*w - 5 - 19 = 0, 0 = -4*m + 4*w + 4. Suppose -m*q = 5*q - 171. What is the remainder when 68 is divided by q?
11
Let a = 23402 - 23142. What is the remainder when a is divided by 73?
41
Suppose 177259 = 476*o - 585769. Calculate the remainder when o is divided by 52.
43
Let a(l) = 2*l**2 + 64*l - 353. Suppose -5*c = -100 - 105. What is the remainder when c is divided by a(5)?
7
Let i(l) be the second derivative of l**3/6 + 69*l**2/2 - 3*l - 3. What is the remainder when i(17) is divided by 44?
42
Let d = -15958 - -16242. Calculate the remainder when 285 is divided by d.
1
Suppose -u + 3*u = 138. Suppose -u = g - 2*g. Let t = 236897 + -236885. What is the remainder when g is divided by t?
9
Let c be 40564/28 + 6/21. Suppose -133*a = -126*a - c. What is the remainder when a is divided by 54?
45
Let q = 777 + -396. Calculate the remainder when q is divided by 102.
75
Suppose 64*i - 80*i = -112. Suppose 3*v - q - 22 = 0, i*v + 5*q - 34 = 4*v. Suppose 3*r - 20 = 46. What is the remainder when r is divided by v?
6
Let n(z) = -z**3 - 30*z**2 - 26*z - 445. Calculate the remainder when n(-31) is divided by 102.
98
Suppose 4*z + k = 322, -2*z + 62 + 90 = -4*k. What is the remainder when (-15)/(-12) - (-6700)/z is divided by 18?
13
Let l = 382 - -80. What is the remainder when l is divided by 22 + -3 - (-22 + 12)?
27
What is the remainder when ((-4)/8)/(3/(-12)) - (-523 - 44) is divided by 3?
2
Let r = -100 + 190. Suppose 0 = 2*j + 7*j - r. Calculate the remainder when (-3736)/(-20) + 2/j is divided by 47.
46
Let k(g) = 66*g**2 - 14*g. What is the remainder when 555 is divided by k(1)?
35
What is the remainder when (-52)/1430 + (-1793020)/(-550) is divided by 11?
4
Suppose -5*p + 3*m = -641, 3*p - m = -4*m + 399. Let i be (-12)/(-5)*(-630)/(-28). Let x = 87 - i. Calculate the remainder when p is divided by x.
31
Let a = 1152 + -1065. Calculate the remainder when 1128 is divided by a.
84
Suppose 16*f - 2*o = 21*f - 12, f + 1 = 3*o. Suppose f*h = 10, 3*m - 215 = -2*m - 3*h. Calculate the remainder when m is divided by 11